{"id":836,"date":"2014-01-19T09:21:59","date_gmt":"2014-01-19T09:21:59","guid":{"rendered":"http:\/\/temporaryservices.org\/served\/?page_id=836"},"modified":"2019-03-20T09:04:55","modified_gmt":"2019-03-20T09:04:55","slug":"buy-our-books-in-stores","status":"publish","type":"page","link":"https:\/\/temporaryservices.org\/served\/publishing-2\/buy-our-books-in-stores\/","title":{"rendered":"Buy Our Books In Stores"},"content":{"rendered":"<h4>Selected publications and posters are available for purchase at these places, book shops, and online stores:\u00a0<a name=\"store\"><\/a><\/h4>\n<ul>\n<li><a href=\"https:\/\/buildcoffee.org\/\">Build Coffee<\/a>, 6100 S. Blackstone Ave., Chicago, IL, 60637<\/li>\n<\/ul>\n<ul>\n<li><a href=\"http:\/\/cluistore.org\/rebo.html\">Center for Land Use Interpretation<\/a>, 9331 Venice Blvd., Culver City, CA, 90232<\/li>\n<li><a href=\"http:\/\/citylights.com\/\">City Lights<\/a>, 261 Columbus Avenue at Broadway, San Francisco, CA 94133<\/li>\n<\/ul>\n<ul>\n<li><a href=\"http:\/\/drawdown.bigcartel.com\/\" target=\"_blank\" rel=\"noopener noreferrer\">Draw Down<\/a><\/li>\n<\/ul>\n<ul>\n<li><a href=\"http:\/\/www.halfletterpress.com\/store\">Half Letter Press<\/a>, P.O. 12588, Chicago, IL, 60612<\/li>\n<li><a href=\"https:\/\/www.facebook.com\/hopscotchreadingroom\/\">Hopscotch Reading Room<\/a>, Kurfurstenstr. 14 ( im hof), Berlin, Germany 10785<\/li>\n<\/ul>\n<ul>\n<li><a href=\"https:\/\/londonbookarts.org\/\">London Centre for Book Arts<\/a>,\u00a0Britannia Works, 56 Dace Road,\u00a0London E3 2NQ<\/li>\n<\/ul>\n<ul>\n<li><a href=\"http:\/\/www.quimbys.com\/\">Quimby&#8217;s<\/a>, 1854 W. North Avenue, Chicago, IL, 60622<\/li>\n<\/ul>\n<ul>\n<li><span class=\"_50f4\"><a href=\"http:\/\/www.quimbysnyc.com\/\">Quimby&#8217;s Bookstore NYC<\/a>, 536 Metropolitan Ave,<\/span><span class=\"_50f4\">Brooklyn, New York<\/span><\/li>\n<\/ul>\n<ul>\n<li><a href=\"http:\/\/theluminaryarts.com\/\">The Luminary<\/a>, 2701 Cherokee Street, St. Louis, Missouri 63118<\/li>\n<\/ul>\n<ul>\n<li><a href=\"https:\/\/marcianoartfoundation.org\/\">Marciano Foundation<\/a>,4357 Wilshire Boulevard, Los Angeles, CA 90010<\/li>\n<li>M\u00e1s All\u00e1, Puebla, Mexico<\/li>\n<\/ul>\n<ul>\n<li><a title=\"Mondo at the Troms\u00f8 Kunstforening\" href=\"http:\/\/www.tromsokunstforening.no\/default.asp?\" target=\"_blank\" rel=\"noopener noreferrer\">Mondo<\/a>, Troms\u00f8 Kunstforening, Mus\u00e9gata 2, 9008 Troms\u00f8, Norway<\/li>\n<\/ul>\n<ul>\n<li><a href=\"http:\/\/www.mountainfoldbooks.org\/\" target=\"_blank\" rel=\"noopener noreferrer\">Mountain Fold Books<\/a>, 121 E. Costilla St., Colorado Springs, CO, 80903<\/li>\n<\/ul>\n<ul>\n<li><a href=\"http:\/\/www.needles-pens.com\/\" target=\"_blank\" rel=\"noopener noreferrer\">Needles &amp; Pens<\/a>, 1173 Valencia St., San Francisco, CA, 94110<\/li>\n<\/ul>\n<ul>\n<li><a href=\"http:\/\/www.possibleworldsshop.com\/\" target=\"_blank\" rel=\"noopener noreferrer\">Possible Worlds<\/a>, 708 G Somerset St. W., Ottawa, Ontario, Canada<\/li>\n<\/ul>\n<ul>\n<li><a href=\"http:\/\/www.printcenter.org\/pc_store.html\">The Print Center<\/a>, 1614 Latimer Street, Philadelphia, PA, 19103<\/li>\n<\/ul>\n<ul>\n<li><a href=\"http:\/\/printroom.org\/\">Print Room<\/a>,\u00a03014 zv, Schietbaanstraat 17, 3014 ZV Rotterdam, Netherlands<\/li>\n<\/ul>\n<ul>\n<li><a href=\"http:\/\/printedmatter.org\/\">Printed Matter<\/a>, 195 Tenth Avenue, New York, NY, 10011<\/li>\n<li><a href=\"https:\/\/www.printedmatter.org\/visit-the-store\/st-marks\">Printed Matter \/ St Marks<\/a>, Swiss Institue, 38 St. Marks Pl<br \/>\nNew York, NY, 10003<\/li>\n<\/ul>\n<ul>\n<li><a href=\"http:\/\/www.pro-qm.de\/\" target=\"_blank\" rel=\"noopener noreferrer\">Pro QM<\/a>, Almstadtstra\u00dfe 48-50, D-10119, Berlin, Germany<\/li>\n<li><a href=\"http:\/\/www.seitebooks.com\/\" target=\"_blank\" rel=\"noopener noreferrer\">Seite Books<\/a>, 417 N. Rowan Ave, Los Angeles, CA,\u00a090063<\/li>\n<\/ul>\n","protected":false},"excerpt":{"rendered":"<p>Selected publications and posters are available for purchase at these places, book shops, and online stores:\u00a0 Build Coffee, 6100 S. Blackstone Ave., Chicago, IL, 60637 Center for Land Use Interpretation, 9331 Venice Blvd., Culver City, CA, 90232 City Lights, 261 Columbus Avenue at Broadway, San Francisco, CA 94133 Draw Down Half Letter Press, P.O. 12588,&hellip;<\/p>\n","protected":false},"author":5,"featured_media":0,"parent":12,"menu_order":0,"comment_status":"open","ping_status":"open","template":"","meta":{"footnotes":""},"class_list":["post-836","page","type-page","status-publish","hentry","odd"],"_links":{"self":[{"href":"https:\/\/temporaryservices.org\/served\/wp-json\/wp\/v2\/pages\/836","targetHints":{"allow":["GET"]}}],"collection":[{"href":"https:\/\/temporaryservices.org\/served\/wp-json\/wp\/v2\/pages"}],"about":[{"href":"https:\/\/temporaryservices.org\/served\/wp-json\/wp\/v2\/types\/page"}],"author":[{"embeddable":true,"href":"https:\/\/temporaryservices.org\/served\/wp-json\/wp\/v2\/users\/5"}],"replies":[{"embeddable":true,"href":"https:\/\/temporaryservices.org\/served\/wp-json\/wp\/v2\/comments?post=836"}],"version-history":[{"count":11,"href":"https:\/\/temporaryservices.org\/served\/wp-json\/wp\/v2\/pages\/836\/revisions"}],"predecessor-version":[{"id":4535,"href":"https:\/\/temporaryservices.org\/served\/wp-json\/wp\/v2\/pages\/836\/revisions\/4535"}],"up":[{"embeddable":true,"href":"https:\/\/temporaryservices.org\/served\/wp-json\/wp\/v2\/pages\/12"}],"wp:attachment":[{"href":"https:\/\/temporaryservices.org\/served\/wp-json\/wp\/v2\/media?parent=836"}],"curies":[{"name":"wp","href":"https:\/\/api.w.org\/{rel}","templated":true}]}}