{"id":1753,"date":"2015-02-02T15:54:24","date_gmt":"2015-02-02T15:54:24","guid":{"rendered":"http:\/\/temporaryservices.org\/served\/?page_id=1753"},"modified":"2015-02-03T08:27:05","modified_gmt":"2015-02-03T08:27:05","slug":"music-mountain","status":"publish","type":"page","link":"https:\/\/temporaryservices.org\/served\/projects-by-name\/music-mountain\/","title":{"rendered":"Music Mountain"},"content":{"rendered":"<p><img loading=\"lazy\" decoding=\"async\" class=\"alignnone size-full wp-image-1698\" src=\"http:\/\/temporaryservices.org\/served\/wp-content\/uploads\/2012\/03\/music_mountain_changed_color1.png\" alt=\"music_mountain_changed_color\" width=\"523\" height=\"440\" srcset=\"https:\/\/temporaryservices.org\/served\/wp-content\/uploads\/2012\/03\/music_mountain_changed_color1.png 523w, https:\/\/temporaryservices.org\/served\/wp-content\/uploads\/2012\/03\/music_mountain_changed_color1-300x252.png 300w\" sizes=\"auto, (max-width: 523px) 100vw, 523px\" \/><\/p>\n<p>[Scroll down for English.]<\/p>\n<p style=\"text-align: justify;\">Music Mountain er en r\u00e6kke af koncerter arrangeret af kunstnergruppen Temporary Services, som har base i USA og i Danmark. Koncertr\u00e6kkens titel er inspireret af den utilsigtede engelske overs\u00e6ttelse af Tingbjerg til \u201cThings Mountain\u201d.<\/p>\n<p style=\"text-align: justify;\">Vi har inviteret syv bands til at spille en r\u00e6kke af fem koncerter i forskellige f\u00e6lles byrum i Tingbjerg. Koncerterne er gratis for alle. Vi mener, at sp\u00e6ndende livemusik b\u00f8r v\u00e6re tilg\u00e6ngelig overalt og for alle aldersgrupper \u2013 ikke blot i storbyer med veletablerede musikscener og p\u00e5 barer. Offentlige optr\u00e6dener kan skabe nye sociale oplevelser, der ikke alene kan f\u00f8re til en forandret oplevelse af et nabolag, men ogs\u00e5 til en ny bevidsthed om os selv. Hvor bor vi, og hvad kan lade sig g\u00f8re der?<\/p>\n<p style=\"text-align: justify;\">Som adskillige tidligere projekter arrangeret af Temporary Services er Music Mountain et fors\u00f8g p\u00e5 at samarbejde med andre kunstnere og p\u00e5 at bringe v\u00e6sentlig eksperimentalkultur til nye publikum p\u00e5 uventede steder. Ingen af de inviterede bands har spillet i Tingbjerg f\u00f8r. Vi h\u00e5ber, at disse koncerter vil v\u00e6re lige s\u00e5 friske oplevelser for de syv bands som for publikum, som sandsynligvis h\u00f8rer disse musikere spille for f\u00f8rste gang.<\/p>\n<p style=\"text-align: justify;\">At arbejde i grupper er meget mere accepteret i musikverdenen end i kunstverdenen. Som en kunstnergruppe finder vi en s\u00e6rlig v\u00e6rdi i at arbejde sammen med andre grupper p\u00e5 tv\u00e6rs af discipliner samt at fremme dette samarbejde. Vi er samtidig store musikfans og mener ikke, at der findes mange ting, der er mere interessante end at se bands skabe musik sammen i en livesituation. Vi har fors\u00f8gt at inddrage forskellige genrer, men erkender samtidig, at syv bands kun kan repr\u00e6sentere en vis m\u00e6ngde forskellige yde. Vi h\u00e5ber, at b\u00e5de beboere i Tingbjerg og bes\u00f8gende i bydelen vil komme til disse koncerter med \u00e5bne \u00f8rer og \u00e5bne sind.<\/p>\n<hr \/>\n<p class=\"first\" style=\"text-align: justify;\">Music Mountain is a series of concerts organized by the group Temporary Services, which is based in the US and Denmark. The title of this concert series was inspired by the accidental translation of the name Tingbjerg as \u201cThings Mountain\u201d in English.<\/p>\n<p class=\"first\" style=\"text-align: justify;\">We have invited seven groups to play a series of five concerts in the shared city spaces of Tingbjerg. The concerts cost nothing to attend. We believe that exciting live music should be available in all places and for all ages &#8211; not just large cities with deeply established music scenes, or only in bars. Public performances can create unusual social experiences, that can lead to not only a changed sense of a neighborhood, but a new sense of ourselves. Where do we live and what is possible there?<\/p>\n<p class=\"first\" style=\"text-align: justify;\">Like many past projects organized by Temporary Services, Music Mountain is an effort to collaborate with other artists and bring vital experimental culture to new audiences in unexpected places. None of the groups we invited have ever played in Tingbjerg before. We hope that these concerts will be as fresh of an experience for the bands as the audiences who are likely hearing these musicians for the first time.<\/p>\n<p class=\"first\" style=\"text-align: justify;\">Working in groups finds far greater acceptance in the world of music than visual art. As a group of artists, we find particular value in working with other groups across disciplines and promoting collaboration. We are also huge fans of music and find few things more exciting than watching bands make music together in a live situation. We have tried to include a variety of genres but also recognize that seven bands can only represent so many sounds. We hope that both residents of Tingbjerg and visitors to the area will approach these concerts with open ears and open minds.<\/p>\n<p style=\"text-align: justify;\">Little is more exciting than watching bands make music together in a live situation. We have tried to include a variety of genres but also recognize that seven bands can only represent so many sounds. We hope that both residents of Tingbjerg and visitors to the area will approach these concerts with open ears and open minds.<\/p>\n","protected":false},"excerpt":{"rendered":"<p>[Scroll down for English.] Music Mountain er en r\u00e6kke af koncerter arrangeret af kunstnergruppen Temporary Services, som har base i USA og i Danmark. Koncertr\u00e6kkens titel er inspireret af den utilsigtede engelske overs\u00e6ttelse af Tingbjerg til \u201cThings Mountain\u201d. Vi har inviteret syv bands til at spille en r\u00e6kke af fem koncerter i forskellige f\u00e6lles byrum&hellip;<\/p>\n","protected":false},"author":5,"featured_media":0,"parent":700,"menu_order":0,"comment_status":"open","ping_status":"open","template":"","meta":{"footnotes":""},"class_list":["post-1753","page","type-page","status-publish","hentry","odd"],"_links":{"self":[{"href":"https:\/\/temporaryservices.org\/served\/wp-json\/wp\/v2\/pages\/1753","targetHints":{"allow":["GET"]}}],"collection":[{"href":"https:\/\/temporaryservices.org\/served\/wp-json\/wp\/v2\/pages"}],"about":[{"href":"https:\/\/temporaryservices.org\/served\/wp-json\/wp\/v2\/types\/page"}],"author":[{"embeddable":true,"href":"https:\/\/temporaryservices.org\/served\/wp-json\/wp\/v2\/users\/5"}],"replies":[{"embeddable":true,"href":"https:\/\/temporaryservices.org\/served\/wp-json\/wp\/v2\/comments?post=1753"}],"version-history":[{"count":0,"href":"https:\/\/temporaryservices.org\/served\/wp-json\/wp\/v2\/pages\/1753\/revisions"}],"up":[{"embeddable":true,"href":"https:\/\/temporaryservices.org\/served\/wp-json\/wp\/v2\/pages\/700"}],"wp:attachment":[{"href":"https:\/\/temporaryservices.org\/served\/wp-json\/wp\/v2\/media?parent=1753"}],"curies":[{"name":"wp","href":"https:\/\/api.w.org\/{rel}","templated":true}]}}